a).
14
Let w = 26 + -16. Suppose -5*a - w = 5. Let p(g) = -3*g - 3. Determine p(a).
6
Let g = -40 + 45. Let u(q) = -q**2 + 3*q. What is u(g)?
-10
Let y(h) = -h**2 - 3*h**2 + 3*h**2 - 5*h. Let l be y(-5). Let i(p) = p**2 - p**3 - 2 + 5 + 6 - 4. Determine i(l).
5
Let z be 38/(-14) + 4/(-14). Let y = 26 - 16. Let v(h) = 24*h**2 + h**3 + h - y*h**2 - 11*h**2. Calculate v(z).
-3
Let b = 11 - 6. Let m(i) = -b + 3*i + 3*i - 4*i. Let d = 79 - 73. Calculate m(d).
7
Let q(o) = -4*o - 357 - o**3 + 360 - 4*o**2 - 2*o**2. What is q(-5)?
-2
Let r(l) = l + 3. Let v(x) be the third derivative of -x**4/24 - x**2. Let z(s) = -r(s) + v(s). Calculate z(-2).
1
Let s = -2 + 0. Let o = s + 4. Let q(b) = -10*b**2 + 2*b - 4. Let t(c) = 29*c**2 - 6*c + 11. Let l(p) = -17*q(p) - 6*t(p). Calculate l(o).
-10
Suppose 5*w + 18 = -3*k, 2*k + 2*k - 5 = 3*w. Let y(a) = -3*a - 1 - 2*a - 5*a. Give y(k).
9
Let a(l) be the second derivative of l**5/20 - l**4/12 - l**3/6 - 3*l**2/2 + 24*l. Let h = 5 - 5. Give a(h).
-3
Let a(k) = -1 + 2 - 5*k + 2*k + k. Let w(c) = -c**3 - 9*c**2 + 10*c - 1. Let s be w(-10). Determine a(s).
3
Let t(v) = 6*v**2 + v**3 - v**2 - 6 + 2*v + 13. What is t(-5)?
-3
Suppose -4*u + 3*s - 16 = 0, -4*u - s = -6*u - 8. Let b(t) = t**2 + 6*t + 3. What is b(u)?
-5
Let s(m) = m**2 - m + 1. Let u = 4 + 4. Suppose -3*z = 4*h + u, 2 + 2 = -z - 2*h. Calculate s(z).
1
Let l(x) = -x**2 - 6*x - 1. Let s be ((-14)/4)/(-7) + 44/(-8). What is l(s)?
4
Let y(j) = 4 - 3 + 0 + j. Let d be y(-4). Let x(a) = a. What is x(d)?
-3
Let d(k) be the third derivative of k**8/6720 - k**7/840 - k**6/360 + k**5/30 - k**4/12 - 6*k**2. Let t(u) be the second derivative of d(u). What is t(3)?
-2
Let j be (5/15)/(4/24). Let p(l) = 3*l + 2 + 0 + 0. Give p(j).
8
Let q(m) = m**2 + 3*m - 4. Let d be q(-4). Suppose d = -0*c - 5*c - 25. Let j(h) = 3 - 5 + 5*h + 4*h**2 - 3*h**2. What is j(c)?
-2
Let u(n) = n**2 - 2*n + 2. Suppose -39 = -4*i + 3*l, 0 = 5*i + l - 2*l - 57. Let z(t) = t + 2. Let q be z(3). Let p be i/q - 4/10. Determine u(p).
2
Let k(m) = 0 + 0 - 1 + 5*m - 3*m. Let q be (-6)/8*-2*2. Calculate k(q).
5
Let m(l) = l**3 - 6*l**2 - 7*l + 7. Suppose -4*a - 42 = -10*a. What is m(a)?
7
Let g(i) = -i**2 - 1. Let f(q) = 2*q**2 + 4. Let w be 171/12 + 1/(-4). Suppose -2*p = 4*a + 3*p - w, -2*a + 3*p = 4. Let t(o) = a*f(o) + 3*g(o). Give t(2).
-3
Let g = 26 + -32. Let s(q) = -7*q**2 - 12*q + 2. Let j(u) = -13*u**2 - 23*u + 5. Let w(v) = -6*j(v) + 11*s(v). Determine w(g).
-8
Let q(l) = l**3 - 6*l**2 - l + 5. Let u be q(6). Let x be 1/(3/9*3). Let k(y) = y**2 - 2 - 2*y + x + 2*y**2. Determine k(u).
4
Suppose -4*v - 21 + 5 = 0. Let c(l) = -5*l**2 + l + 3*l + 4 + 10*l**2 + 0*l + l**3. Calculate c(v).
4
Let r(q) = -q. Let w(s) = s**2 + 5*s - 4. Let t(d) = -2*r(d) - w(d). Let a(k) = -k**3 - 2*k**2 + 9*k + 1. Let v be a(-4). What is t(v)?
4
Let x(z) = -2*z**2 + 12*z - 9. Let r be x(4). Let p(d) = -d**2 + 6*d + 1. Give p(r).
-6
Let g = 3 - 6. Let n(b) be the second derivative of 1/20*b**5 + 3*b + 1/4*b**4 - 1/6*b**3 + 3/2*b**2 + 0. What is n(g)?
6
Let u be ((-5)/(-3))/(((-2)/(-3))/(-2)). Let k(x) = -x + 2*x - 5*x**2 - x**3 + 2 - 2. Give k(u).
-5
Let v = 4 - 1. Suppose 0 = h - v. Let q(s) = s**3 - 5*s**2 + 4*s - 1. What is q(h)?
-7
Suppose -u + 16 = -5*d, 2*d - u - 4 = 2*u. Let i be 1/1 - (d + 1). Let s(h) = h**3 - 3*h**2 - h - 3. Determine s(i).
9
Let l(x) = x**2 + 422*x + 2 - 414*x - 2*x**2. What is l(8)?
2
Let j = 102 + -99. Let w(a) = -4 - a**2 + a**3 - a + 0*a - 2*a. Calculate w(j).
5
Suppose g = -4*g. Let j = g + -6. Let b = -6 - j. Let d(c) = c**2 - 3. Give d(b).
-3
Let d(n) = -n**3 + 2*n**2 + 3*n + 1. Let v be -6 + 2 + (-7)/(-1). What is d(v)?
1
Let d = 0 - 1. Let l be d/(-3) - (-28)/(-12). Let r(v) be the first derivative of -v**4/2 - 2*v**3/3 - 2*v - 3. Determine r(l).
6
Let f = -3 + 20. Suppose 5*k = c + 58, 3*k - 5*c = -f + 43. Suppose -3*q = k, -3*d + 10*q - 5*q = -23. Let n(g) = -8*g**2 + 2*g - 1. What is n(d)?
-7
Let l be ((-2)/6)/((-3)/36). Suppose 0 = -l*t + 7*t + 3. Let b(h) = h - 4. Let d(r) = 1. Let k(o) = t*b(o) - 5*d(o). Give k(-3).
2
Let s(j) be the second derivative of -j**3/6 - j**2/2 + 4*j. Let u(a) = -3*a**3 - 2*a - 1. Let m be u(-1). What is s(m)?
-5
Let u(s) = -4*s**2 + 5*s - 1 - 2*s + 464*s**3 - 465*s**3. Give u(-5).
9
Let v(u) = u - 10. Let m(j) = j**3 + j**2 - j + 9. Let c be m(0). Give v(c).
-1
Suppose 3*u - 3*y = 21, -2*u - 2*y = -0*y + 6. Suppose 0 = b + 1 - u. Let v(h) = -h**2 + h**3 - 2*h**2 + b + 4*h**2. Calculate v(0).
1
Let g(v) be the third derivative of -v**6/120 - v**5/60 - 15*v**2. Calculate g(0).
0
Suppose -4*l - 4*b - b = -61, 4*b = 3*l - 38. Suppose -4*a + l = -6. Let o(k) = k**2 - 3*k - 7. Calculate o(a).
3
Let c(v) = 0 + 3 + 2*v - 6. Let n(m) = 4*m**2 - 6*m**2 - 2*m + 3*m**2 - 2*m + 3. Let x be n(4). Give c(x).
3
Let i(u) = 3 + 0 + 2*u - u. Suppose 0 = -3*g + 4*g + 2*m + 2, -2*m = 4*g - 16. Suppose -g*d = -2*d + 20. Give i(d).
-2
Let m = 4 + -1. Let p(c) = c**m + 0*c**3 - 2*c**3 - 4*c + 1 - 4*c**2. Suppose 8*s + 21 = s. What is p(s)?
4
Let z(w) = w**3 + 5*w**2 - 8*w - 8. Let b be z(-6). Suppose -5*d = -4*d + b. Let h(g) = -g**3 - 4*g**2 + g + 1. Give h(d).
-3
Suppose 2*m + 8 = -2*j + 3*m, 3*j + 4*m = -23. Let p(s) be the second derivative of s**5/20 + s**4/3 - 5*s**3/6 - 5*s**2/2 + s. What is p(j)?
-5
Let c(d) = -5*d + 4*d**2 + d**3 + 0 + 0 + 0. Let k be c(-5). Let y(f) = f + 1. Give y(k).
1
Let l(w) be the second derivative of 0*w**4 + 0*w**2 + 0 + 3*w - 1/20*w**5 + 1/6*w**3. Give l(-2).
6
Let y be (0 + -20)*(-6)/(-8). Let f = -16 - y. Let b(a) = 4*a**3 - 1. What is b(f)?
-5
Let t be (0 + -2)*-1 - -1. Suppose -4*f - 3*c + 8 = 0, -5*f - 3*c = c - 10. Let j(y) = 4 - 2*y + 4 - 3 - 4 + y**f. Determine j(t).
4
Suppose 0*n = -3*n. Let z = -2 + 4. Let y(v) = -v - 12 - v**z + 2*v**2 + 3. What is y(n)?
-9
Suppose -16 + 0 = 4*j. Let h(z) = z**2 + 3*z - 3. Give h(j).
1
Let a(z) be the first derivative of 2*z**3/3 - 5*z**2/2 + 3*z + 1. Give a(4).
15
Let r(k) = -8*k**3 + k**2 - k + 1. Let p be ((-3 + 0)/(-1))/1. Suppose -1 = p*h - 4. What is r(h)?
-7
Suppose 5*y - 6 - 4 = 0. Let v(a) = -2*a + 2 + y - a. What is v(3)?
-5
Let i(s) = -2*s**3 - 15*s**2 - 2*s + 13. Let n(c) = c**3 + 8*c**2 + c - 7. Let y(m) = 3*i(m) + 5*n(m). Suppose -4 = z - 0*z. Determine y(z).
-8
Suppose 0*y - y + 3*c = 14, 2*y + 5*c - 5 = 0. Let m(q) = -q + 16. Let h be m(13). Let f(x) = 10*x**2 - 2*x - h*x - 11*x**2. Determine f(y).
0
Let k(f) = -116 - 3*f + 124 + 5*f. What is k(-7)?
-6
Let l(p) = 4*p + 28. Let d be l(-8). Let x(j) = -j**3 - 6*j**2 - 5*j + 2. Calculate x(d).
-10
Let k(n) = -2*n**2 - 3*n + 2. Let b(o) = o**2 - 5*o - 6. Let d be b(6). Let c be -7*(d + 1)/1. Let h = -10 - c. Determine k(h).
-7
Let h(w) = 4*w - 3. Let m(g) = 8*g - 6. Let a(v) = 7*h(v) - 3*m(v). Give a(4).
13
Let p(k) = -1 + 3*k + 2*k + 4. Suppose -5*r - 15 = 4*b + 6, 5*b = 3*r - 17. Let c(y) = -y - 1. Let v(i) = b*c(i) - p(i). Calculate v(0).
1
Let k be 14/7 + (-2 - 1). Let x(h) = -2*h**2 - h**3 - 21 + 21 - h. Determine x(k).
0
Let a(o) = o + 4. Let n(q) = -q**3 - 9*q**2 - 12*q + 9. Let t be n(-7). Give a(t).
-1
Let q(h) be the first derivative of h**3/3 - 2*h**2 + 2*h + 1. Let u = -14 + 19. Determine q(u).
7
Let h(a) = 2*a**3 + 7*a**2 + 7*a - 2. Let i = 10 + -17. Let v(z) = -2*z**3 + z - 1 + 4*z**2 - z**3 + 4*z**3 + 3*z. Let s(c) = i*v(c) + 4*h(c). Calculate s(0).
-1
Let r(d) = -d**2 - 7*d. Suppose -3*s - 4*i = 25, s + i = -1 - 6. Determine r(s).
12
Suppose -7*v + 6*v + 15 = 0. Let g = v + -16. Let b(z) be the third derivative of -z**5/30 - z**4/24 + z**2. Calculate b(g).
-1
Let r be (-21)/(-9) + 1/(-3). Let t(o) = 2*o**3 - o**3 - 5*o**2 + 9*o - o - r - 3*o. What is t(4)?
2
Let t(a) = a**3 + 3*a**2 + 2*a - 1. Let d = -3 + 3. Let o = -3 - d. Give t(o).
-7
Let a(x) be the first derivative of x**5/20 + x**4/3 - 2*x**2 + x + 2. Let m(g) be the first derivative of a(g). What is m(-4)?
-4
Suppose s = 2*y + 3, y = s - 3 - 1. Let p(t) = t - 4*t**3 - 18 + s*t**3 + 21. Let x(d) = -d**3 - 4*d**2 - 3*d. Let z be x(-3). Determine p(z).
3
Let k(u) be the third derivative of u**6/360 - u**5/40 - u**4/4 - u**2. Let l(v) be the second derivative of k(v). Determine l(2).
1
Let z(y) = -y**3 - 11*y**2 - 4*y - 2. Let j(a) = a**2 + 1. Suppose 